se 13, what is 3 - 670472?
-67046c
In base 8, what is 147054655 + 0?
147054655
In base 16, what is 2b3e7 + 9?
2b3f0
In base 9, what is -156 - 7184?
-7351
In base 6, what is 233042 + -113152?
115450
In base 5, what is -20003010001 - 3?
-20003010004
In base 10, what is -6 - 3520231?
-3520237
In base 5, what is 1120111033104 + -1?
1120111033103
In base 5, what is -10 + -2012301404?
-2012301414
In base 11, what is -97 + -30152?
-30239
In base 10, what is 8672 - -472?
9144
In base 16, what is 7607 - 5e63?
17a4
In base 3, what is -10120 + 1121020001101?
1121012220211
In base 3, what is 11111111201 - 10001?
11111101200
In base 7, what is 1352610611 - 0?
1352610611
In base 3, what is -212111001022121 + -2?
-212111001022200
In base 5, what is -1131434 + 1130?
-1130304
In base 12, what is -45 + 307833?
3077aa
In base 7, what is 1 - 364035636?
-364035635
In base 9, what is 3778510 - 16?
3778483
In base 13, what is 15259002 - -3?
15259005
In base 13, what is 6221338 - 6?
6221332
In base 6, what is -25510 - 2252052?
-2322002
In base 2, what is 10000 - 10000111110010101100110?
-10000111110010101010110
In base 6, what is -10 - -12515441?
12515431
In base 13, what is 63739 - -270?
639a9
In base 15, what is 4 - -40e823b?
40e8240
In base 7, what is 23201360 - -52?
23201442
In base 9, what is 3037 + -32747?
-28710
In base 12, what is a + -11791a7?
-1179199
In base 9, what is -135 - 2360426?
-2360562
In base 9, what is 1060060 + -175?
1058774
In base 2, what is -10 + 11000111110100010001111001?
11000111110100010001110111
In base 3, what is -1220 + -100021020001001?
-100021020002221
In base 15, what is 6c + 118dd?
1195a
In base 13, what is -16a + 180556?
1803b9
In base 5, what is 3 - 1444110114?
-1444110111
In base 5, what is 324330314 + -222?
324330042
In base 9, what is 56680160 - -5?
56680165
In base 12, what is -29 - 787a26?
-787a53
In base 4, what is -3001022102 + 11?
-3001022031
In base 2, what is 11011110111110111 + -10110?
11011110111100001
In base 6, what is -4 - 3252140004?
-3252140012
In base 5, what is 343144040 - 2?
343144033
In base 9, what is 7356666 + 3?
7356670
In base 8, what is -4564 - 2666015?
-2672601
In base 3, what is -2100001121121000012 + 2?
-2100001121121000010
In base 7, what is 3 - 2140166121?
-2140166115
In base 3, what is 12 - -1111202122001102?
1111202122001121
In base 14, what is -879dcc3 - -2?
-879dcc1
In base 4, what is -120123 + -332002320?
-332123103
In base 3, what is -100001012112120 - 1000?
-100001012120120
In base 5, what is -110112 - 10404?
-121021
In base 14, what is 671507 + -26?
6714c1
In base 3, what is 211 - 212120120222?
-212120120011
In base 2, what is 11 + 10001011100011011110?
10001011100011100001
In base 6, what is -51234225 + -13?
-51234242
In base 6, what is -1330 + -230324?
-232054
In base 16, what is -1a54445 + -1?
-1a54446
In base 4, what is 1210012022 - 0?
1210012022
In base 15, what is e862 + -13d?
e724
In base 7, what is -24504625 - 0?
-24504625
In base 6, what is 11 + -102034442?
-102034431
In base 16, what is -3089 - -10ad?
-1fdc
In base 2, what is 101 - 1000010001010000011011000?
-1000010001010000011010011
In base 5, what is 2113020 - 41133?
2021332
In base 10, what is 137457 + -87?
137370
In base 13, what is 5 + 46a340?
46a345
In base 8, what is -4 + 154301155?
154301151
In base 4, what is 1121011331 - -10322?
1121022313
In base 9, what is 5 - -4342767?
4342773
In base 15, what is -386ab - 15?
-386c1
In base 15, what is 2a20 - 1b4e?
dc1
In base 12, what is -455 - -112880?
112427
In base 7, what is -34 - 222020614?
-222020651
In base 11, what is 3397 - 38a59?
-35672
In base 4, what is -10203312210 - -1332?
-10203310212
In base 13, what is 414cc + -393?
41139
In base 14, what is -29883c0 - 3?
-29883c3
In base 4, what is 2 - -101210212023?
101210212031
In base 16, what is -e + -10f1ee0?
-10f1eee
In base 6, what is 250251 + -1420?
244431
In base 12, what is 21530 - 43b?
210b1
In base 12, what is 3b - -4983617?
4983656
In base 2, what is -10 - 11101011010011111001?
-11101011010011111011
In base 15, what is -39c3 - 520?
-3ee3
In base 15, what is 5 + 285663?
285668
In base 15, what is -3e9 - 594?
-98d
In base 14, what is 1830 + -501d0?
-4c7a0
In base 10, what is -305621 + 40?
-305581
In base 11, what is 40a55348 + -5?
40a55343
In base 6, what is 43111 - -4145?
51300
In base 7, what is -6352526 - 206?
-6353035
In base 13, what is -16a7 - 50c?
-1bb6
In base 12, what is 5 - 48102b9?
-48102b4
In base 11, what is 5497467 - -5?
5497471
In base 8, what is -171 - 2605155?
-2605346
In base 14, what is -dbac - 907?
-106b5
In base 4, what is -222120311203012 - -1?
-222120311203011
In base 7, what is 1 + 30662644?
30662645
In base 14, what is 39b385 - -14?
39b399
In base 9, what is -1471 - -42748?
41267
In base 12, what is 0 + -132676aa?
-132676aa
In base 3, what is -111202110112210 + -20?
-111202110120000
In base 7, what is 2 + 220246?
220251
In base 15, what is -3234a - -143e?
-30e0b
In base 10, what is 1043768 - -5?
1043773
In base 16, what is 5 + dc43a32?
dc43a37
In base 4, what is 130123 + -1030331?
-300202
In base 7, what is -30532 - 3356?
-34221
In base 9, what is 110208 + 884?
111203
In base 4, what is -10111301232 + -1132?
-10111303030
In base 14, what is -427b - -2c5?
-3d96
In base 15, what is -2 + -ec6675?
-ec6677
In base 12, what is 335446 + -13a?
335308
In base 5, what is 233402102 + 2?
233402104
In base 2, what is -100101000110010 - -1110111110?
-100011001110100
In base 14, what is 11936 + 673?
121a9
In base 13, what is -13c2b1 - -3b5?
-13bbc9
In base 2, what is -10001001011 - 1011001000110010?
-1011011001111101
In base 2, what is -111101 - 11000101110110111?
-11000101111110100
In base 4, what is -122121021113 - -13?
-122121021100
In base 8, what is 1 - -21547111?
21547112
In base 7, what is -2 + -13002054505?
-13002054510
In base 5, what is 2444 - 2102123?
-2044124
In base 4, what is 102102201202 + -11?
102102201131
In base 3, what is 2111212111211021 - 101?
2111212111210220
In base 12, what is -13 - -2619bb?
2619a8
In base 9, what is 17877432 + 8?
17877441
In base 2, what is 10100100101000000000001 - 10001?
10100100100111111110000
In base 9, what is 1520343 + 16?
1520360
In base 12, what is -1841 - 1b56?
-3797
In base 4, what is -221021122 + 2122?
-221013000
In base 12, what is 4 - 22739b4?
-22739b0
In base 14, what is -383a88 + 2?
-383a86
In base 2, what is -1000101 - -1110111110101010100?
1110111110100001111
In base 4, what is -12012002113 - 11?
-12012002130
In base 12, what is -5 - 74817bb?
-7481804
In base 3, what is 12111020211 + -110?
12111020101
In base 10, what is -6650477 + 4?
-6650473
In base 6, what is -4 + -34153251402?
-34153251410
In base 3, what is 21211011 - -2222122?
101210210
In base 14, what is -a766 + -247?
-a9ad
In base 16, what is -c9 - -427c?
41b3
In base 4, what is 10232 - -12013233012?
12013303310
In base 8, what is -15160436 + -6?
-15160444
In base 16, what is 1762 - -5740?
6ea2
In base 9, what is -81058 + -10110?
-101168
In base 15, what is 1c + -aed65?
-aed48
In base 3, what is -10202201 - -11011111?
101210
In base 13, what is -1 + 214465?
214464
In base 10, what is -22152590 - -5?
-22152585
In base 9, what is -32201340 - -7?
-32201332
In base 6, what is -12032 - -53232?
41200
In base 4, what is -10301223122 + -20?
-10301223202
In base 15, what is -34e + 6ed?
39e
In base 15, what is 14a + -7b5?
-66a
In base 15, what is -15702 + -892?
-16094
In base 15, what is -42 + 44289?
44247
In base 6, what is -25044 + 113445?
44401
In base 14, what is -12478 - 1c2?
-1265a
In base 16, what is -6185e3 + 1?
-6185e2
In base 6, what is 234242 - 12030?
222212
In base 9, what is 1 - 61084051?
-61084050
In base 9, what is -328 - 721415?
-721744
In base 14, what is 41b - 27d?
17c
In base 16, what is d - -26c8d5?
26c8e2
In base 12, what is 2 - 854815?
-854813
In base 8, what is -3044 - 146520?
-151564
In base 11, what is -10090223 - 7?
-1009022a
In base 10, what is -1403 - -44935?
43532
In base 15, what is 3e56 - 1e0?
3c66
In base 10, what is 0 - -1857921?
1857921
In base 6, what is -13104 + 525230?
512122
In base 6, what is -120 + 10404245?
10404125
In base 14, what is 74a057 - 24?
74a033
In base 7, what is -5 - -222251100?
222251062
In base 7, what is -101004 + -605?
-101612
In base 6, what i